ase 7, what is 121165454 - -1?
121165455
In base 2, what is 10 - -100111001100000111111010?
100111001100000111111100
In base 10, what is 11 + 25825?
25836
In base 3, what is 1001011201222 + 110?
1001011202102
In base 4, what is -123 + -1302120021303?
-1302120022032
In base 9, what is 41803185 - 5?
41803180
In base 12, what is -157271 - 16?
-157287
In base 9, what is 1 + -3360564?
-3360563
In base 9, what is -83728246 + 3?
-83728243
In base 5, what is 2320121 + 4434?
2330110
In base 2, what is 100101 - 10001010001000000100?
-10001010000111011111
In base 16, what is b56501 + -7?
b564fa
In base 10, what is -4 - 77110496?
-77110500
In base 9, what is -2 + -14380638?
-14380641
In base 10, what is -4 + -316046508?
-316046512
In base 10, what is -5629 + -3122?
-8751
In base 11, what is 20686848a - 3?
206868487
In base 3, what is -10 - 10001202221012?
-10001202221022
In base 9, what is -21010 + -247?
-21257
In base 10, what is 607716 - 141?
607575
In base 8, what is 61516330 + 5?
61516335
In base 3, what is -1111212210200110 - -1?
-1111212210200102
In base 14, what is 31330 + 16ba?
32a0a
In base 7, what is 31513050 + 32?
31513112
In base 3, what is 122022101022211020 + -12?
122022101022211001
In base 13, what is 119719b - 0?
119719b
In base 3, what is -11 + -10002211011200?
-10002211011211
In base 14, what is 25ad2c44 - 1?
25ad2c43
In base 9, what is -118087315 - 0?
-118087315
In base 5, what is 2034 + 140422030?
140424114
In base 13, what is 263c073 + 1?
263c074
In base 12, what is 19152 - -177?
19309
In base 3, what is -12 - 10020110010111?
-10020110010200
In base 14, what is d - -a19c773?
a19c782
In base 4, what is -10 + -20102133123?
-20102133133
In base 7, what is -1402220 + -14?
-1402234
In base 5, what is -30202 + -403143?
-433400
In base 5, what is 311201 + -123401?
132300
In base 13, what is 11346 - -148?
11491
In base 14, what is -1 + -c062955?
-c062956
In base 14, what is -71 + -42a03?
-42a74
In base 6, what is -134201452331 + 2?
-134201452325
In base 15, what is 4b8e - 1a7?
49d7
In base 5, what is -34132 - -114333?
30201
In base 11, what is 547 + -18604?
-18068
In base 9, what is -126685 + -4?
-126700
In base 3, what is 101120202220001101 - 11?
101120202220001020
In base 11, what is 1422 + 18a?
1601
In base 10, what is -4440449 - 210?
-4440659
In base 2, what is 100010010000111000100 - -1101011?
100010010001000101111
In base 3, what is 10111 - 12020211201?
-12020201020
In base 7, what is -15003533 - -305?
-15003225
In base 12, what is -31 + 6746?
6715
In base 3, what is 210002202 - -111?
210010020
In base 5, what is 33420110301 + -12?
33420110234
In base 15, what is 150 + -5b9e?
-5a4e
In base 13, what is 16b37aa - -26?
16b3803
In base 15, what is -2 - -675915?
675913
In base 8, what is 2201 - -134147?
136350
In base 7, what is 135043306 + -5?
135043301
In base 8, what is -110060 + -1164?
-111244
In base 13, what is 1438 - -a6?
1511
In base 9, what is -2622672 + -43?
-2622725
In base 15, what is -12 + -11b79c?
-11b7ae
In base 11, what is 1a17 - -318729?
31a645
In base 2, what is -101001011110100 + 111101?
-101001010110111
In base 11, what is 67765 - -21?
67786
In base 16, what is 3 - 1ed9d5?
-1ed9d2
In base 11, what is a5a887 + 3?
a5a88a
In base 13, what is -229a5 + b5?
-228c0
In base 9, what is -25333744 + 2?
-25333742
In base 14, what is 1a800 + 14c7?
1bcc7
In base 11, what is -126601 + -795?
-127296
In base 2, what is 10110110 - 1000101101110011000?
-1000101101011100010
In base 15, what is -c + -bd3b7?
-bd3c4
In base 4, what is 303 + -1003220030?
-1003213121
In base 13, what is -4a500b + 287?
-4a4a54
In base 14, what is -d0744 - 8?
-d074c
In base 13, what is -39c20 - -73?
-39b7a
In base 14, what is 4 + 1a22d50?
1a22d54
In base 9, what is -12 - 107406?
-107418
In base 11, what is 13 - 11a82?
-11a6a
In base 5, what is -2333423 - 42003?
-2430431
In base 9, what is 1 - -357034607?
357034608
In base 14, what is 2315304 - 5?
23152dd
In base 8, what is -32437 + 7642?
-22575
In base 13, what is 625629 + 2?
62562b
In base 12, what is 6592 + -5ba5?
5a9
In base 5, what is 444414123432 - 2?
444414123430
In base 10, what is -5 + -99183364?
-99183369
In base 12, what is 1a + -24447a?
-244460
In base 7, what is -2 + -446343340?
-446343342
In base 10, what is 224611357 + -4?
224611353
In base 4, what is 2 - 3110323012211?
-3110323012203
In base 12, what is -1a4bb29 + 4?
-1a4bb25
In base 3, what is 121102122001 - -2112?
121102201120
In base 6, what is -5 + -25531151?
-25531200
In base 8, what is 145 + -33211037?
-33210672
In base 15, what is 4 + 5c841?
5c845
In base 15, what is -140393 + -13?
-1403a6
In base 3, what is -120 - 120210211222100?
-120210211222220
In base 11, what is -53021 + -647?
-53668
In base 14, what is 3da8 + -3436?
972
In base 16, what is 209c + 41?
20dd
In base 2, what is -111101100100 - 101111111100111?
-110111101001011
In base 14, what is 156b5 + 1894?
17169
In base 16, what is 6 - -f2375?
f237b
In base 14, what is -2488a - 64?
-24910
In base 12, what is -56 - 169779?
-169813
In base 15, what is dc3215 - 6c?
dc3198
In base 10, what is -690 - 2427?
-3117
In base 3, what is -12210120102022011 + -2?
-12210120102022020
In base 6, what is 5 - -5111213?
5111222
In base 5, what is -10421421402 + 3?
-10421421344
In base 8, what is 1075231152 - 5?
1075231145
In base 8, what is -1754155 - 4?
-1754161
In base 10, what is 379 + -195065?
-194686
In base 3, what is 200002000122102 + -10102?
200002000112000
In base 5, what is -442021020 - -14?
-442021001
In base 6, what is -1110000133 - 3?
-1110000140
In base 16, what is -a67 + 5fe?
-469
In base 3, what is -2220012120022 - 2220?
-2220012200012
In base 7, what is 2 - 45604131?
-45604126
In base 15, what is -ae89e + 8a?
-ae814
In base 12, what is -b0 - 5a828b?
-5a837b
In base 10, what is -8 - 261376?
-261384
In base 15, what is 271 + -9da6?
-9b35
In base 6, what is 12 + 2005423540?
2005423552
In base 13, what is 1 + 175b42?
175b43
In base 12, what is 21b - -94758?
94977
In base 11, what is 2272a396 - 0?
2272a396
In base 11, what is -4 - 413a06?
-413a0a
In base 13, what is -5 + -29b690c7?
-29b690cc
In base 13, what is 5 + -46978171?
-46978169
In base 14, what is 4 + a449872?
a449876
In base 15, what is 2b89a - 25?
2b875
In base 15, what is -1d - -276b7c?
276b5e
In base 6, what is -5455 - 10532040?
-10541535
In base 12, what is 1b35 + 2b14?
4a49
In base 2, what is 10100 + 1000100101110101001100111?
1000100101110101001111011
In base 4, what is 21331231221 - -203?
21331232030
In base 5, what is 102 + -100021114?
-100021012
In base 14, what is -422d9 - -23?
-422b6
In base 9, what is 0 - 28877757?
-28877757
In base 6, what is 21 + -4413155?
-4413134
In base 12, what is 232b660 - 2?
232b65a
In base 3, what is 1210 - -102202022010021?
102202022012001
In base 2, what is 10000111111011110 - 1100000000?
10000110011011110
In base 8, what is -27467 + 37603?
10114
In base 10, what is -4805126 + 92?
-4805034
In base 7, what is 20 - -362201303?
362201323
In base 11, what is 50390 - 27?
50364
In base 9, what is 0 - -4344150?
4344150
In base 8, what is 6753 - -10065?
17040
In base 9, what is 38564484 + 11?
38564505
In base 11, what is -10671a492 - -2?
-10671a490
In base 9, what is -2 - -16232?
16230
In base 11, what is -23427 + -502?
-23929
In base 16, what is -3 - 67150d?
-671510
In base 15, what is -3de77 + -8e?
-3e016
In base 13, what is 764 + 17?
77b
In base 3, what is -221012201 - 2100110?
-1000120011
In base 14, what is -1 - 5c5c?
-5c5d
In base 16, what is -f - -252fb?
252ec
In base 15, what is -151 - 2852?
-29a3
In base 12, what is -1a + 1062492?
1062474
In base 14, what is 1146b90 + 2?
1146b92
In base 7, what is 55 + -103451?
-103363
In base 2, what is -1100111000001011 - -110010111111?
-1100000101001100
In base 13, what is cbc8 - -241?
10139
In base 2, what is 1 - 10010010011101001001100?
-10010010011101001001011
In base 4, what is 13230110132 - 231?
13230103301
In base 13, what is 7a5 + -708c?
-65b7
In base 12, what is 22548 + 8260?
2a7a8
In base 10, what is 3 + 114379590?
114379593
In base 7, what is -23 + 16231101?
16231045
In base 15, what is 3d + 38cd?
391b
In base 7, what is -5131525 - -1333?
-5130162
In base 8, what is 206425 - -220?
206645
In base 16, what is 2 - -27b24a?
27b24c
In base 14, what